{"id":1269,"date":"2015-08-11T19:44:48","date_gmt":"2015-08-11T23:44:48","guid":{"rendered":"http:\/\/www.benoitboisverthypnotherapeute.com\/?page_id=1269"},"modified":"2022-10-19T14:29:26","modified_gmt":"2022-10-19T18:29:26","slug":"troubles-alimentaires","status":"publish","type":"page","link":"https:\/\/www.consuljl.com\/developpement3\/services\/troubles-alimentaires\/","title":{"rendered":"Alimentation"},"content":{"rendered":"<div class=\"fcbkbttn_buttons_block\" id=\"fcbkbttn_left\"><div class=\"fcbkbttn_like \"><fb:like href=\"https:\/\/www.consuljl.com\/developpement3\/services\/troubles-alimentaires\/\" action=\"like\" colorscheme=\"light\" layout=\"button_count\"  size=\"small\"><\/fb:like><\/div><\/div><p><img decoding=\"async\" loading=\"lazy\" class=\"alignleft wp-image-1271\" src=\"http:\/\/www.benoitboisverthypnotherapeute.com\/wp-content\/uploads\/2015\/08\/ob\u00e9sit\u00e92.jpg\" alt=\"ob\u00e9sit\u00e92\" width=\"201\" height=\"209\" \/>Il est \u00e9vident que manger et respirer sont des actes n\u00e9cessaires \u00e0 la survie.<\/p>\n<p>Tout le monde est\u00a0en effet oblig\u00e9 de se\u00a0nourrir.<\/p>\n<p>Arrive un jour o\u00f9 le m\u00e9canisme de l\u2019<strong>alimentation<\/strong> semble se d\u00e9r\u00e9gler, sans trop savoir pourquoi.<\/p>\n<p>Alors, on\u00a0se met \u00e0 s<strong>\u2019alimenter<\/strong> au-del\u00e0 de sa faim ou on\u00a0arr\u00eate de manger. Se nourrir devient douloureux.<\/p>\n<p>Comment l\u2019aspect corporel peut-il devenir un trouble et un probl\u00e8me social, et pourquoi?<\/p>\n<h3><strong><strong>Approche en trois volets<\/strong><\/strong><\/h3>\n<p>L&rsquo;approche utilis\u00e9e pour traiter les troubles alimentaires se compose de trois volets\u00a0: bio, psycho et social.<\/p>\n<ul>\n<li>La partie <strong>bio<\/strong>\u00a0appartient \u00e0 la m\u00e9decine.<\/li>\n<\/ul>\n<p>Exemple\u00a0: dysfonctionnement de la\u00a0glande thyro\u00efde.<\/p>\n<ul>\n<li>Le volet\u00a0<strong>psycho<\/strong>\u00a0appartient au psychologue ou au psychiatre.<\/li>\n<\/ul>\n<p>Exemple\u00a0: diagnostic et suivi.<\/p>\n<ul>\n<li>L\u2019aspect <strong>social<\/strong>\u00a0est la section qui nous int\u00e9resse, l\u00e0 o\u00f9 l\u2019hypnose fait la diff\u00e9rence.<\/li>\n<\/ul>\n<p>Exemple\u00a0: diminution du stress, prise en charge\u00a0des difficult\u00e9s interpersonnelles.<\/p>\n<h3><strong><strong>D\u00e9marche\u00a0ax\u00e9e sur les habitudes de vie<\/strong><\/strong><\/h3>\n<p><a href=\"https:\/\/www.consuljl.com\/developpement3\/wp-content\/uploads\/2015\/08\/istockphoto-1357530079-612x612.jpg\"><img decoding=\"async\" loading=\"lazy\" class=\"wp-image-2300 size-medium alignright\" src=\"https:\/\/www.consuljl.com\/developpement3\/wp-content\/uploads\/2015\/08\/istockphoto-1357530079-612x612-300x200.jpg\" alt=\"\" width=\"300\" height=\"200\" srcset=\"https:\/\/www.consuljl.com\/developpement3\/wp-content\/uploads\/2015\/08\/istockphoto-1357530079-612x612-300x200.jpg 300w, https:\/\/www.consuljl.com\/developpement3\/wp-content\/uploads\/2015\/08\/istockphoto-1357530079-612x612-450x300.jpg 450w, https:\/\/www.consuljl.com\/developpement3\/wp-content\/uploads\/2015\/08\/istockphoto-1357530079-612x612.jpg 612w\" sizes=\"(max-width: 300px) 100vw, 300px\" \/><\/a>L&rsquo;approche en sant\u00e9 globale (physique et mentale) mentionn\u00e9e ci-dessus aide \u00e0 am\u00e9liorer graduellement les habitudes de vie et le bien-\u00eatre\u00a0du corps et de l&rsquo;esprit.<\/p>\n<p>Il s\u2019agit de manger pour nourrir son corps.<\/p>\n<p>Vous \u00eates\u00a0libre de choisir vos attitudes et de faire vos choix alimentaires. Ces d\u00e9cisions\u00a0serviront \u00e0 b\u00e2tir ensemble un plan d\u2019action bas\u00e9 sur des recommandations.<\/p>\n<h3><strong><strong>Ce que l\u2019hypnose peut faire pour vous<\/strong><\/strong><\/h3>\n<p>L&rsquo;hypnose :<\/p>\n<ul>\n<li>Permet d\u2019\u00e9viter de manger entre les repas, et cela, facilement<\/li>\n<li>Diminue l\u2019app\u00e9tit durant les repas<\/li>\n<li>Rend les objectifs accessibles<\/li>\n<li>Am\u00e9liore l&rsquo;estime de soi<\/li>\n<li>Augmente la confiance en soi<\/li>\n<li>Et plus encore\u2026<\/li>\n<\/ul>\n<p><a href=\"https:\/\/www.consuljl.com\/developpement3\/wp-content\/uploads\/2015\/08\/images-4-1.jpg\"><img decoding=\"async\" loading=\"lazy\" class=\"wp-image-2299 size-full alignright\" src=\"https:\/\/www.consuljl.com\/developpement3\/wp-content\/uploads\/2015\/08\/images-4-1.jpg\" alt=\"\" width=\"278\" height=\"181\" \/><\/a>L&rsquo;approche\u00a0consiste \u00e0\u00a0habituer le subconscient \u00e0 remporter des victoires sur les objectifs.<\/p>\n<p>D\u2019un objectif rapproch\u00e9 \u00e0 l\u2019autre, il se programme de fa\u00e7on positive \u00e0 la victoire.<\/p>\n<p>Il lui est alors presque impossible d\u2019envisager l\u2019\u00e9chec.<\/p>\n<p>Pour y arriver et vous aider \u00e0 r\u00e9aliser votre but, des techniques, des strat\u00e9gies et des trucs vous sont offerts.<\/p>\n<p>Tout cela est possible seulement\u00a0\u00e0 condition qu&rsquo;il y ait un engagement de votre\u00a0part.<\/p>\n<h3><strong><strong>Engagement<\/strong><\/strong><\/h3>\n<p>Tout ce processus\u00a0n\u00e9cessite votre\u00a0engagement pour assurer l&rsquo;atteinte de\u00a0vos objectifs.<\/p>\n<p><a href=\"http:\/\/www.benoitboisverthypnotherapeute.com\/wp-content\/uploads\/2015\/08\/livre2.jpg\"><img decoding=\"async\" loading=\"lazy\" class=\"alignright size-full wp-image-1281\" src=\"http:\/\/www.benoitboisverthypnotherapeute.com\/wp-content\/uploads\/2015\/08\/livre2.jpg\" alt=\"livre2\" width=\"276\" height=\"183\" \/><\/a>Il vous sera demand\u00e9 de\u00a0:<\/p>\n<ul>\n<li>Remplir un journal personnel<\/li>\n<li>Vous pr\u00e9senter \u00e0 chacune de vos rencontres<\/li>\n<li>R\u00e9aliser les exercices sugg\u00e9r\u00e9s \u00e0 la maison<\/li>\n<li>Remplir\u00a0des questionnaires<\/li>\n<li>Collaborer \u00e0 la mise en place d\u2019un plan d\u2019action<\/li>\n<\/ul>\n<p>&nbsp;<\/p>\n<p><strong>Si possible, apportez votre cellulaire ou un lecteur MP3 pour enregistrer les s\u00e9ances et les \u00e9couter entre les rencontres.<\/strong><\/p>\n<p>\u00ab\u00a0L&rsquo;hypnose peut faire beaucoup, mais sans vous, rien n&rsquo;est possible!\u00a0\u00bb<\/p>\n<p>\u2014 Beno\u00eet Boisvert<\/p>\n<p>Vous \u00eates invit\u00e9 \u00e0 suivre Beno\u00eet Boisvert, hypnoth\u00e9rapeute sur <a href=\"https:\/\/www.facebook.com\/benoitboisverthypnotherapeute?ref=hl\" target=\"_blank\" rel=\"noopener noreferrer\"><u><span style=\"color: #0066cc;\">Facebook<\/span><\/u><\/a> et <a href=\"https:\/\/www.linkedin.com\/profile\/view?id=AAIAABgE5V8BnbhfR7imAaVMcm2YTi4vM3drj6s&amp;trk=nav_responsive_tab_profile_pic\" target=\"_blank\" rel=\"noopener noreferrer\"><u><span style=\"color: #0066cc;\">LinkedIn<\/span><\/u><\/a>.<\/p>\n<div class=\"fcbkbttn_buttons_block\" id=\"fcbkbttn_left\"><div class=\"fcbkbttn_like \"><fb:like href=\"https:\/\/www.consuljl.com\/developpement3\/services\/troubles-alimentaires\/\" action=\"like\" colorscheme=\"light\" layout=\"button_count\"  size=\"small\"><\/fb:like><\/div><\/div>","protected":false},"excerpt":{"rendered":"<p>Il est \u00e9vident que manger et respirer sont des actes n\u00e9cessaires \u00e0 la survie. Tout le monde est\u00a0en effet oblig\u00e9 de se\u00a0nourrir. Arrive un jour o\u00f9 le m\u00e9canisme de l\u2019alimentation semble se d\u00e9r\u00e9gler, sans trop savoir pourquoi. Alors, on\u00a0se met <span class=\"excerpt-dots\">&hellip;<\/span> <a class=\"more-link\" href=\"https:\/\/www.consuljl.com\/developpement3\/services\/troubles-alimentaires\/\"><span class=\"more-msg\">Lire la suite &rarr;<\/span><\/a><\/p>\n","protected":false},"author":2,"featured_media":0,"parent":27,"menu_order":10,"comment_status":"closed","ping_status":"closed","template":"","meta":[],"yoast_head":"<!-- This site is optimized with the Yoast SEO plugin v20.10 - https:\/\/yoast.com\/wordpress\/plugins\/seo\/ -->\n<title>Alimentation - Beno\u00eet Boisvert Hypnoth\u00e9rapeute<\/title>\n<meta name=\"description\" content=\"Troubles alimentaires : Une approche en trois volets ax\u00e9e sur les habitudes de vie.\" \/>\n<meta name=\"robots\" content=\"noindex, follow, max-snippet:-1, max-image-preview:large, max-video-preview:-1\" \/>\n<meta property=\"og:locale\" content=\"fr_FR\" \/>\n<meta property=\"og:type\" content=\"article\" \/>\n<meta property=\"og:title\" content=\"Alimentation - Beno\u00eet Boisvert Hypnoth\u00e9rapeute\" \/>\n<meta property=\"og:description\" content=\"Troubles alimentaires : Une approche en trois volets ax\u00e9e sur les habitudes de vie.\" \/>\n<meta property=\"og:url\" content=\"https:\/\/www.consuljl.com\/developpement3\/services\/troubles-alimentaires\/\" \/>\n<meta property=\"og:site_name\" content=\"Beno\u00eet Boisvert Hypnoth\u00e9rapeute\" \/>\n<meta property=\"article:publisher\" content=\"http:\/\/facebook.com\/benoitboisverthypnotherapeute\" \/>\n<meta property=\"article:modified_time\" content=\"2022-10-19T18:29:26+00:00\" \/>\n<meta property=\"og:image\" content=\"https:\/\/www.consuljl.com\/developpement3\/wp-content\/uploads\/2015\/08\/istockphoto-1357530079-612x612-300x200.jpg\" \/>\n<meta name=\"twitter:card\" content=\"summary_large_image\" \/>\n<meta name=\"twitter:label1\" content=\"Dur\u00e9e de lecture estim\u00e9e\" \/>\n\t<meta name=\"twitter:data1\" content=\"2 minutes\" \/>\n<script type=\"application\/ld+json\" class=\"yoast-schema-graph\">{\"@context\":\"https:\/\/schema.org\",\"@graph\":[{\"@type\":\"WebPage\",\"@id\":\"https:\/\/www.consuljl.com\/developpement3\/services\/troubles-alimentaires\/\",\"url\":\"https:\/\/www.consuljl.com\/developpement3\/services\/troubles-alimentaires\/\",\"name\":\"Alimentation - Beno\u00eet Boisvert Hypnoth\u00e9rapeute\",\"isPartOf\":{\"@id\":\"https:\/\/www.consuljl.com\/developpement3\/#website\"},\"datePublished\":\"2015-08-11T23:44:48+00:00\",\"dateModified\":\"2022-10-19T18:29:26+00:00\",\"description\":\"Troubles alimentaires : Une approche en trois volets ax\u00e9e sur les habitudes de vie.\",\"breadcrumb\":{\"@id\":\"https:\/\/www.consuljl.com\/developpement3\/services\/troubles-alimentaires\/#breadcrumb\"},\"inLanguage\":\"fr-FR\",\"potentialAction\":[{\"@type\":\"ReadAction\",\"target\":[\"https:\/\/www.consuljl.com\/developpement3\/services\/troubles-alimentaires\/\"]}]},{\"@type\":\"BreadcrumbList\",\"@id\":\"https:\/\/www.consuljl.com\/developpement3\/services\/troubles-alimentaires\/#breadcrumb\",\"itemListElement\":[{\"@type\":\"ListItem\",\"position\":1,\"name\":\"Accueil\",\"item\":\"https:\/\/www.consuljl.com\/developpement3\/\"},{\"@type\":\"ListItem\",\"position\":2,\"name\":\"Services\",\"item\":\"https:\/\/www.consuljl.com\/developpement3\/services\/\"},{\"@type\":\"ListItem\",\"position\":3,\"name\":\"Alimentation\"}]},{\"@type\":\"WebSite\",\"@id\":\"https:\/\/www.consuljl.com\/developpement3\/#website\",\"url\":\"https:\/\/www.consuljl.com\/developpement3\/\",\"name\":\"Beno\u00eet Boisvert Hypnoth\u00e9rapeute\",\"description\":\"R\u00e9v\u00e9lez la force de votre esprit par l&#039;hypnose\",\"potentialAction\":[{\"@type\":\"SearchAction\",\"target\":{\"@type\":\"EntryPoint\",\"urlTemplate\":\"https:\/\/www.consuljl.com\/developpement3\/?s={search_term_string}\"},\"query-input\":\"required name=search_term_string\"}],\"inLanguage\":\"fr-FR\"}]}<\/script>\n<!-- \/ Yoast SEO plugin. -->","yoast_head_json":{"title":"Alimentation - Beno\u00eet Boisvert Hypnoth\u00e9rapeute","description":"Troubles alimentaires : Une approche en trois volets ax\u00e9e sur les habitudes de vie.","robots":{"index":"noindex","follow":"follow","max-snippet":"max-snippet:-1","max-image-preview":"max-image-preview:large","max-video-preview":"max-video-preview:-1"},"og_locale":"fr_FR","og_type":"article","og_title":"Alimentation - Beno\u00eet Boisvert Hypnoth\u00e9rapeute","og_description":"Troubles alimentaires : Une approche en trois volets ax\u00e9e sur les habitudes de vie.","og_url":"https:\/\/www.consuljl.com\/developpement3\/services\/troubles-alimentaires\/","og_site_name":"Beno\u00eet Boisvert Hypnoth\u00e9rapeute","article_publisher":"http:\/\/facebook.com\/benoitboisverthypnotherapeute","article_modified_time":"2022-10-19T18:29:26+00:00","og_image":[{"url":"https:\/\/www.consuljl.com\/developpement3\/wp-content\/uploads\/2015\/08\/istockphoto-1357530079-612x612-300x200.jpg"}],"twitter_card":"summary_large_image","twitter_misc":{"Dur\u00e9e de lecture estim\u00e9e":"2 minutes"},"schema":{"@context":"https:\/\/schema.org","@graph":[{"@type":"WebPage","@id":"https:\/\/www.consuljl.com\/developpement3\/services\/troubles-alimentaires\/","url":"https:\/\/www.consuljl.com\/developpement3\/services\/troubles-alimentaires\/","name":"Alimentation - Beno\u00eet Boisvert Hypnoth\u00e9rapeute","isPartOf":{"@id":"https:\/\/www.consuljl.com\/developpement3\/#website"},"datePublished":"2015-08-11T23:44:48+00:00","dateModified":"2022-10-19T18:29:26+00:00","description":"Troubles alimentaires : Une approche en trois volets ax\u00e9e sur les habitudes de vie.","breadcrumb":{"@id":"https:\/\/www.consuljl.com\/developpement3\/services\/troubles-alimentaires\/#breadcrumb"},"inLanguage":"fr-FR","potentialAction":[{"@type":"ReadAction","target":["https:\/\/www.consuljl.com\/developpement3\/services\/troubles-alimentaires\/"]}]},{"@type":"BreadcrumbList","@id":"https:\/\/www.consuljl.com\/developpement3\/services\/troubles-alimentaires\/#breadcrumb","itemListElement":[{"@type":"ListItem","position":1,"name":"Accueil","item":"https:\/\/www.consuljl.com\/developpement3\/"},{"@type":"ListItem","position":2,"name":"Services","item":"https:\/\/www.consuljl.com\/developpement3\/services\/"},{"@type":"ListItem","position":3,"name":"Alimentation"}]},{"@type":"WebSite","@id":"https:\/\/www.consuljl.com\/developpement3\/#website","url":"https:\/\/www.consuljl.com\/developpement3\/","name":"Beno\u00eet Boisvert Hypnoth\u00e9rapeute","description":"R\u00e9v\u00e9lez la force de votre esprit par l&#039;hypnose","potentialAction":[{"@type":"SearchAction","target":{"@type":"EntryPoint","urlTemplate":"https:\/\/www.consuljl.com\/developpement3\/?s={search_term_string}"},"query-input":"required name=search_term_string"}],"inLanguage":"fr-FR"}]}},"_links":{"self":[{"href":"https:\/\/www.consuljl.com\/developpement3\/wp-json\/wp\/v2\/pages\/1269"}],"collection":[{"href":"https:\/\/www.consuljl.com\/developpement3\/wp-json\/wp\/v2\/pages"}],"about":[{"href":"https:\/\/www.consuljl.com\/developpement3\/wp-json\/wp\/v2\/types\/page"}],"author":[{"embeddable":true,"href":"https:\/\/www.consuljl.com\/developpement3\/wp-json\/wp\/v2\/users\/2"}],"replies":[{"embeddable":true,"href":"https:\/\/www.consuljl.com\/developpement3\/wp-json\/wp\/v2\/comments?post=1269"}],"version-history":[{"count":18,"href":"https:\/\/www.consuljl.com\/developpement3\/wp-json\/wp\/v2\/pages\/1269\/revisions"}],"predecessor-version":[{"id":2301,"href":"https:\/\/www.consuljl.com\/developpement3\/wp-json\/wp\/v2\/pages\/1269\/revisions\/2301"}],"up":[{"embeddable":true,"href":"https:\/\/www.consuljl.com\/developpement3\/wp-json\/wp\/v2\/pages\/27"}],"wp:attachment":[{"href":"https:\/\/www.consuljl.com\/developpement3\/wp-json\/wp\/v2\/media?parent=1269"}],"curies":[{"name":"wp","href":"https:\/\/api.w.org\/{rel}","templated":true}]}}