{"id":37,"date":"2015-06-06T09:51:14","date_gmt":"2015-06-06T13:51:14","guid":{"rendered":"http:\/\/127.0.0.1:8888\/BENOIT_BOISVERT-WORDPRESS-4_2_2\/?page_id=37"},"modified":"2015-08-19T13:43:52","modified_gmt":"2015-08-19T17:43:52","slug":"infolettre","status":"publish","type":"page","link":"https:\/\/www.consuljl.com\/developpement3\/infolettre\/","title":{"rendered":"Infolettre"},"content":{"rendered":"<div class=\"fcbkbttn_buttons_block\" id=\"fcbkbttn_left\"><div class=\"fcbkbttn_like \"><fb:like href=\"https:\/\/www.consuljl.com\/developpement3\/infolettre\/\" action=\"like\" colorscheme=\"light\" layout=\"button_count\"  size=\"small\"><\/fb:like><\/div><\/div><p>Abonnez-vous \u00e0 une infolettre remplie d&rsquo;articles, de strat\u00e9gies, de suggestions et de solutions pour vous permettre de r\u00e9v\u00e9ler la force de votre esprit par l&rsquo;hypnose et l&rsquo;autohypnose afin d&rsquo;am\u00e9liorer votre vie.<\/p>\n<p>En vous inscrivant \u00e0 l&rsquo;infolettre, vous recevrez une\u00a0<strong>consultation gratuite<\/strong>\u00a0de 30 minutes vous permettant de vous d\u00e9tendre, d&rsquo;am\u00e9liorer votre confiance en vous\u00a0et d&rsquo;apprendre une technique simple et rapide d&rsquo;autohypnose. Vous pourrez aussi tout simplement poser vos questions.<\/p>\n<p>Pour vous inscrire, remplissez\u00a0le court\u00a0formulaire ci-contre avec votre nom et l&rsquo;adresse de courriel o\u00f9\u00a0l&rsquo;infolettre doit \u00eatre achemin\u00e9e. Merci!<\/p>\n<div class=\"fcbkbttn_buttons_block\" id=\"fcbkbttn_left\"><div class=\"fcbkbttn_like \"><fb:like href=\"https:\/\/www.consuljl.com\/developpement3\/infolettre\/\" action=\"like\" colorscheme=\"light\" layout=\"button_count\"  size=\"small\"><\/fb:like><\/div><\/div>","protected":false},"excerpt":{"rendered":"<p>Abonnez-vous \u00e0 une infolettre remplie d&rsquo;articles, de strat\u00e9gies, de suggestions et de solutions pour vous permettre de r\u00e9v\u00e9ler la force de votre esprit par l&rsquo;hypnose et l&rsquo;autohypnose afin d&rsquo;am\u00e9liorer votre vie. En vous inscrivant \u00e0 l&rsquo;infolettre, vous recevrez une\u00a0consultation gratuite\u00a0de <span class=\"excerpt-dots\">&hellip;<\/span> <a class=\"more-link\" href=\"https:\/\/www.consuljl.com\/developpement3\/infolettre\/\"><span class=\"more-msg\">Lire la suite &rarr;<\/span><\/a><\/p>\n","protected":false},"author":1,"featured_media":0,"parent":0,"menu_order":70,"comment_status":"closed","ping_status":"closed","template":"","meta":[],"yoast_head":"<!-- This site is optimized with the Yoast SEO plugin v20.10 - https:\/\/yoast.com\/wordpress\/plugins\/seo\/ -->\n<title>Infolettre - Beno\u00eet Boisvert Hypnoth\u00e9rapeute<\/title>\n<meta name=\"robots\" content=\"noindex, follow, max-snippet:-1, max-image-preview:large, max-video-preview:-1\" \/>\n<meta property=\"og:locale\" content=\"fr_FR\" \/>\n<meta property=\"og:type\" content=\"article\" \/>\n<meta property=\"og:title\" content=\"Infolettre - Beno\u00eet Boisvert Hypnoth\u00e9rapeute\" \/>\n<meta property=\"og:description\" content=\"Abonnez-vous \u00e0 une infolettre remplie d&rsquo;articles, de strat\u00e9gies, de suggestions et de solutions pour vous permettre de r\u00e9v\u00e9ler la force de votre esprit par l&rsquo;hypnose et l&rsquo;autohypnose afin d&rsquo;am\u00e9liorer votre vie. En vous inscrivant \u00e0 l&rsquo;infolettre, vous recevrez une\u00a0consultation gratuite\u00a0de &hellip; Lire la suite &rarr;\" \/>\n<meta property=\"og:url\" content=\"https:\/\/www.consuljl.com\/developpement3\/infolettre\/\" \/>\n<meta property=\"og:site_name\" content=\"Beno\u00eet Boisvert Hypnoth\u00e9rapeute\" \/>\n<meta property=\"article:publisher\" content=\"http:\/\/facebook.com\/benoitboisverthypnotherapeute\" \/>\n<meta property=\"article:modified_time\" content=\"2015-08-19T17:43:52+00:00\" \/>\n<meta name=\"twitter:card\" content=\"summary_large_image\" \/>\n<script type=\"application\/ld+json\" class=\"yoast-schema-graph\">{\"@context\":\"https:\/\/schema.org\",\"@graph\":[{\"@type\":\"WebPage\",\"@id\":\"https:\/\/www.consuljl.com\/developpement3\/infolettre\/\",\"url\":\"https:\/\/www.consuljl.com\/developpement3\/infolettre\/\",\"name\":\"Infolettre - Beno\u00eet Boisvert Hypnoth\u00e9rapeute\",\"isPartOf\":{\"@id\":\"https:\/\/www.consuljl.com\/developpement3\/#website\"},\"datePublished\":\"2015-06-06T13:51:14+00:00\",\"dateModified\":\"2015-08-19T17:43:52+00:00\",\"breadcrumb\":{\"@id\":\"https:\/\/www.consuljl.com\/developpement3\/infolettre\/#breadcrumb\"},\"inLanguage\":\"fr-FR\",\"potentialAction\":[{\"@type\":\"ReadAction\",\"target\":[\"https:\/\/www.consuljl.com\/developpement3\/infolettre\/\"]}]},{\"@type\":\"BreadcrumbList\",\"@id\":\"https:\/\/www.consuljl.com\/developpement3\/infolettre\/#breadcrumb\",\"itemListElement\":[{\"@type\":\"ListItem\",\"position\":1,\"name\":\"Accueil\",\"item\":\"https:\/\/www.consuljl.com\/developpement3\/\"},{\"@type\":\"ListItem\",\"position\":2,\"name\":\"Infolettre\"}]},{\"@type\":\"WebSite\",\"@id\":\"https:\/\/www.consuljl.com\/developpement3\/#website\",\"url\":\"https:\/\/www.consuljl.com\/developpement3\/\",\"name\":\"Beno\u00eet Boisvert Hypnoth\u00e9rapeute\",\"description\":\"R\u00e9v\u00e9lez la force de votre esprit par l&#039;hypnose\",\"potentialAction\":[{\"@type\":\"SearchAction\",\"target\":{\"@type\":\"EntryPoint\",\"urlTemplate\":\"https:\/\/www.consuljl.com\/developpement3\/?s={search_term_string}\"},\"query-input\":\"required name=search_term_string\"}],\"inLanguage\":\"fr-FR\"}]}<\/script>\n<!-- \/ Yoast SEO plugin. -->","yoast_head_json":{"title":"Infolettre - Beno\u00eet Boisvert Hypnoth\u00e9rapeute","robots":{"index":"noindex","follow":"follow","max-snippet":"max-snippet:-1","max-image-preview":"max-image-preview:large","max-video-preview":"max-video-preview:-1"},"og_locale":"fr_FR","og_type":"article","og_title":"Infolettre - Beno\u00eet Boisvert Hypnoth\u00e9rapeute","og_description":"Abonnez-vous \u00e0 une infolettre remplie d&rsquo;articles, de strat\u00e9gies, de suggestions et de solutions pour vous permettre de r\u00e9v\u00e9ler la force de votre esprit par l&rsquo;hypnose et l&rsquo;autohypnose afin d&rsquo;am\u00e9liorer votre vie. En vous inscrivant \u00e0 l&rsquo;infolettre, vous recevrez une\u00a0consultation gratuite\u00a0de &hellip; Lire la suite &rarr;","og_url":"https:\/\/www.consuljl.com\/developpement3\/infolettre\/","og_site_name":"Beno\u00eet Boisvert Hypnoth\u00e9rapeute","article_publisher":"http:\/\/facebook.com\/benoitboisverthypnotherapeute","article_modified_time":"2015-08-19T17:43:52+00:00","twitter_card":"summary_large_image","schema":{"@context":"https:\/\/schema.org","@graph":[{"@type":"WebPage","@id":"https:\/\/www.consuljl.com\/developpement3\/infolettre\/","url":"https:\/\/www.consuljl.com\/developpement3\/infolettre\/","name":"Infolettre - Beno\u00eet Boisvert Hypnoth\u00e9rapeute","isPartOf":{"@id":"https:\/\/www.consuljl.com\/developpement3\/#website"},"datePublished":"2015-06-06T13:51:14+00:00","dateModified":"2015-08-19T17:43:52+00:00","breadcrumb":{"@id":"https:\/\/www.consuljl.com\/developpement3\/infolettre\/#breadcrumb"},"inLanguage":"fr-FR","potentialAction":[{"@type":"ReadAction","target":["https:\/\/www.consuljl.com\/developpement3\/infolettre\/"]}]},{"@type":"BreadcrumbList","@id":"https:\/\/www.consuljl.com\/developpement3\/infolettre\/#breadcrumb","itemListElement":[{"@type":"ListItem","position":1,"name":"Accueil","item":"https:\/\/www.consuljl.com\/developpement3\/"},{"@type":"ListItem","position":2,"name":"Infolettre"}]},{"@type":"WebSite","@id":"https:\/\/www.consuljl.com\/developpement3\/#website","url":"https:\/\/www.consuljl.com\/developpement3\/","name":"Beno\u00eet Boisvert Hypnoth\u00e9rapeute","description":"R\u00e9v\u00e9lez la force de votre esprit par l&#039;hypnose","potentialAction":[{"@type":"SearchAction","target":{"@type":"EntryPoint","urlTemplate":"https:\/\/www.consuljl.com\/developpement3\/?s={search_term_string}"},"query-input":"required name=search_term_string"}],"inLanguage":"fr-FR"}]}},"_links":{"self":[{"href":"https:\/\/www.consuljl.com\/developpement3\/wp-json\/wp\/v2\/pages\/37"}],"collection":[{"href":"https:\/\/www.consuljl.com\/developpement3\/wp-json\/wp\/v2\/pages"}],"about":[{"href":"https:\/\/www.consuljl.com\/developpement3\/wp-json\/wp\/v2\/types\/page"}],"author":[{"embeddable":true,"href":"https:\/\/www.consuljl.com\/developpement3\/wp-json\/wp\/v2\/users\/1"}],"replies":[{"embeddable":true,"href":"https:\/\/www.consuljl.com\/developpement3\/wp-json\/wp\/v2\/comments?post=37"}],"version-history":[{"count":12,"href":"https:\/\/www.consuljl.com\/developpement3\/wp-json\/wp\/v2\/pages\/37\/revisions"}],"predecessor-version":[{"id":1354,"href":"https:\/\/www.consuljl.com\/developpement3\/wp-json\/wp\/v2\/pages\/37\/revisions\/1354"}],"wp:attachment":[{"href":"https:\/\/www.consuljl.com\/developpement3\/wp-json\/wp\/v2\/media?parent=37"}],"curies":[{"name":"wp","href":"https:\/\/api.w.org\/{rel}","templated":true}]}}