{"id":47,"date":"2015-06-06T10:37:33","date_gmt":"2015-06-06T14:37:33","guid":{"rendered":"http:\/\/127.0.0.1:8888\/BENOIT_BOISVERT-WORDPRESS-4_2_2\/?page_id=47"},"modified":"2022-10-19T14:43:44","modified_gmt":"2022-10-19T18:43:44","slug":"hypno-douleur","status":"publish","type":"page","link":"https:\/\/www.consuljl.com\/developpement3\/services\/hypno-douleur\/","title":{"rendered":"Hypno douleur"},"content":{"rendered":"<div class=\"fcbkbttn_buttons_block\" id=\"fcbkbttn_left\"><div class=\"fcbkbttn_like \"><fb:like href=\"https:\/\/www.consuljl.com\/developpement3\/services\/hypno-douleur\/\" action=\"like\" colorscheme=\"light\" layout=\"button_count\"  size=\"small\"><\/fb:like><\/div><\/div><h3 style=\"text-align: left;\">Comment soulager\u00a0vos douleurs?<\/h3>\n<p style=\"text-align: left;\"><img decoding=\"async\" loading=\"lazy\" class=\"alignleft wp-image-710 size-full\" src=\"http:\/\/www.benoitboisverthypnotherapeute.com\/wp-content\/uploads\/2015\/07\/images-48.jpg\" alt=\"Douleur\" width=\"275\" height=\"183\" \/>Bon nombre de personnes sont aux prises avec des <strong>douleurs chroniques<\/strong>, parfois depuis tr\u00e8s longtemps.<\/p>\n<p style=\"text-align: left;\">Heureusement, il arrive que la douleur\u00a0soit seulement\u00a0passag\u00e8re.<\/p>\n<p style=\"text-align: left;\">Mais il arrive aussi que\u00a0 des ann\u00e9es de souffrance pr\u00e9c\u00e8dent un diagnostic.<\/p>\n<h3 style=\"text-align: left;\"><\/h3>\n<h3 style=\"text-align: left;\">En avez-vous assez :<\/h3>\n<ul style=\"text-align: left;\">\n<li><a href=\"https:\/\/www.consuljl.com\/developpement3\/wp-content\/uploads\/2015\/06\/istockphoto-838723420-612x612.jpg\"><img decoding=\"async\" loading=\"lazy\" class=\"wp-image-2302 size-medium alignright\" src=\"https:\/\/www.consuljl.com\/developpement3\/wp-content\/uploads\/2015\/06\/istockphoto-838723420-612x612-300x200.jpg\" alt=\"\" width=\"300\" height=\"200\" srcset=\"https:\/\/www.consuljl.com\/developpement3\/wp-content\/uploads\/2015\/06\/istockphoto-838723420-612x612-300x200.jpg 300w, https:\/\/www.consuljl.com\/developpement3\/wp-content\/uploads\/2015\/06\/istockphoto-838723420-612x612-450x300.jpg 450w, https:\/\/www.consuljl.com\/developpement3\/wp-content\/uploads\/2015\/06\/istockphoto-838723420-612x612.jpg 612w\" sizes=\"(max-width: 300px) 100vw, 300px\" \/><\/a>des douleurs chroniques (fibromyalgie, c\u00f4lon irritable, etc.)?<\/li>\n<li>des effets secondaires de la chimioth\u00e9rapie ou de la radioth\u00e9rapie?<\/li>\n<li>des douleurs pendant et apr\u00e8s\u00a0l&rsquo;accouchement?<\/li>\n<li>de la peur d&rsquo;une p\u00e9ridurale et de ses effets secondaires?<\/li>\n<li>de la peur du dentiste?<\/li>\n<li>des effets secondaires des anesth\u00e9sies et analg\u00e9sies?<\/li>\n<li>du bruxisme (grincer des dents)?<\/li>\n<\/ul>\n<h4 style=\"text-align: left;\"><strong>L&rsquo;hypnose vous aide \u00e0 prendre en charge le soulagement\u00a0de votre douleur.<\/strong><\/h4>\n<p style=\"text-align: left;\">Ceci demande un certain\u00a0effort de votre part, car il faudra que vous exp\u00e9rimentiez les techniques et strat\u00e9gies sugg\u00e9r\u00e9es lors des rencontres.<\/p>\n<p style=\"text-align: left;\">Sans votre investissement, rien n&rsquo;est possible.<\/p>\n<p style=\"text-align: left;\"><strong>Le traitement de la douleur par l&rsquo;hypnose<\/strong> existe depuis tr\u00e8s longtemps. Avant m\u00eame la venue de la morphine dans le milieu m\u00e9dical, on soulageait les soldats bless\u00e9s sur les champs de bataille en les hypnotisant pour les aider \u00e0 r\u00e9duire leur douleur.<\/p>\n<p><strong><a href=\"https:\/\/www.consuljl.com\/developpement3\/wp-content\/uploads\/2015\/06\/istockphoto-869016020-612x612.jpg\"><img decoding=\"async\" loading=\"lazy\" class=\"wp-image-2305 size-medium alignright\" src=\"https:\/\/www.consuljl.com\/developpement3\/wp-content\/uploads\/2015\/06\/istockphoto-869016020-612x612-300x212.jpg\" alt=\"\" width=\"300\" height=\"212\" srcset=\"https:\/\/www.consuljl.com\/developpement3\/wp-content\/uploads\/2015\/06\/istockphoto-869016020-612x612-300x212.jpg 300w, https:\/\/www.consuljl.com\/developpement3\/wp-content\/uploads\/2015\/06\/istockphoto-869016020-612x612-424x300.jpg 424w, https:\/\/www.consuljl.com\/developpement3\/wp-content\/uploads\/2015\/06\/istockphoto-869016020-612x612.jpg 612w\" sizes=\"(max-width: 300px) 100vw, 300px\" \/><\/a><\/strong>Lors d&rsquo;une consultation,<strong> on vous enseigne\u00a0comment\u00a0faire<\/strong> pour ma\u00eetriser\u00a0vos douleurs.<\/p>\n<p style=\"text-align: left;\"><strong>Certains m\u00e9decins<\/strong> vont au-del\u00e0 de l&rsquo;\u00e9valuation biophysique de la douleur. Cette approche est fort utile pour les personnes ayant des douleurs chroniques. Elle aide aussi en cas :<\/p>\n<ul style=\"text-align: left;\">\n<li>d&rsquo;anesth\u00e9sie dentaire;<\/li>\n<li>d&rsquo;anesth\u00e9sie chirurgicale;<\/li>\n<li>de maladie en phase terminale et de cancer;<\/li>\n<li>de membre fant\u00f4me;<\/li>\n<li>de zona;<\/li>\n<li>de crises rhumatismales;<a href=\"https:\/\/www.consuljl.com\/developpement3\/wp-content\/uploads\/2016\/10\/images-4.jpg\"><img decoding=\"async\" loading=\"lazy\" class=\"alignright wp-image-2126 size-thumbnail\" src=\"https:\/\/www.consuljl.com\/developpement3\/wp-content\/uploads\/2016\/10\/images-4-150x150.jpg\" alt=\"Audios\" width=\"150\" height=\"150\" \/><\/a><\/li>\n<li>etc.<\/li>\n<\/ul>\n<p style=\"text-align: left;\"><strong>Dans les autres cas,<\/strong> il est essentiel de laisser \u00e0 la douleur sa valeur de \u00ab\u00a0signal\u00a0\u00bb afin que vous ne vous blessiez pas et que la douleur li\u00e9e \u00e0 l&rsquo;apparition\u00a0de nouveaux sympt\u00f4mes ou \u00e0 l&rsquo;aggravation de votre \u00e9tat soit per\u00e7ue et signal\u00e9e. Ces situations\u00a0regroupent notamment\u00a0la fibromyalgie et le c\u00f4lon irritable.<\/p>\n<h4 style=\"text-align: left;\"><strong>Tout diagnostic m\u00e9dical appartient \u00e0 votre m\u00e9decin.<\/strong><\/h4>\n<p>Voici un article int\u00e9ressant sur le <a href=\"http:\/\/www.allodocteurs.fr\/actualite-sante-bruxisme-quand-les-dents-grincent_9568.html#3\" target=\"_blank\" rel=\"noopener noreferrer\">bruxisme, grincement de dents<\/a><\/p>\n<p>Vous \u00eates invit\u00e9 \u00e0 suivre Beno\u00eet Boisvert, hypnoth\u00e9rapeute sur <a href=\"https:\/\/www.facebook.com\/benoitboisverthypnotherapeute?ref=hl\" target=\"_blank\" rel=\"noopener noreferrer\"><u><span style=\"color: #0066cc;\">Facebook<\/span><\/u><\/a> et <a href=\"https:\/\/www.linkedin.com\/profile\/view?id=AAIAABgE5V8BnbhfR7imAaVMcm2YTi4vM3drj6s&amp;trk=nav_responsive_tab_profile_pic\" target=\"_blank\" rel=\"noopener noreferrer\"><u><span style=\"color: #0066cc;\">LinkedIn<\/span><\/u><\/a>.<\/p>\n<hr \/>\n<h3 style=\"text-align: left;\">T\u00e9moignages<\/h3>\n<p style=\"text-align: left;\">\u00ab\u00a0Je souffre d\u2019ecz\u00e9ma depuis ma naissance et maintenant que je vais en hypnose, mes probl\u00e8mes de peau ont diminu\u00e9 de plus de 75\u00a0%, et ce en peu de temps.\u00a0Maintenant, j&rsquo;arrive a mieux dormir.\u00a0Merci Beno\u00eet.\u00a0\u00bb<\/p>\n<p style=\"text-align: left;\"><em>\u2014 <\/em>Iris, 34 ans<\/p>\n<hr \/>\n<p style=\"text-align: left;\">\u00ab\u00a0Merci Beno\u00eet, ma visite chez le dentiste a tr\u00e8s bien \u00e9t\u00e9. Je n&rsquo;ai m\u00eame pas eu peur.\u00a0\u00bb<\/p>\n<p style=\"text-align: left;\"><em>\u00a0\u2014 <\/em>Nathan, 10 ans<\/p>\n<hr \/>\n<p>Je tiens \u00e0 te remercier de m&rsquo;avoir aid\u00e9 \u00e0 contr\u00f4ler mes douleurs en seulement 2 rencontres. Apr\u00e8s avoir pass\u00e9 2 ans \u00e0 passer toutes sortes de tests et que les m\u00e9decins me trouvent rien. L&rsquo;apprentissage des techniques ont \u00e9t\u00e9 tr\u00e8s rapides. Cela a chang\u00e9 ma vie.<\/p>\n<p><em>\u00a0\u2014 <\/em>No\u00e9mie, 15 ans<\/p>\n<p>&nbsp;<\/p>\n<div class=\"fcbkbttn_buttons_block\" id=\"fcbkbttn_left\"><div class=\"fcbkbttn_like \"><fb:like href=\"https:\/\/www.consuljl.com\/developpement3\/services\/hypno-douleur\/\" action=\"like\" colorscheme=\"light\" layout=\"button_count\"  size=\"small\"><\/fb:like><\/div><\/div>","protected":false},"excerpt":{"rendered":"<p>Comment soulager\u00a0vos douleurs? Bon nombre de personnes sont aux prises avec des douleurs chroniques, parfois depuis tr\u00e8s longtemps. Heureusement, il arrive que la douleur\u00a0soit seulement\u00a0passag\u00e8re. Mais il arrive aussi que\u00a0 des ann\u00e9es de souffrance pr\u00e9c\u00e8dent un diagnostic. En avez-vous assez <span class=\"excerpt-dots\">&hellip;<\/span> <a class=\"more-link\" href=\"https:\/\/www.consuljl.com\/developpement3\/services\/hypno-douleur\/\"><span class=\"more-msg\">Lire la suite &rarr;<\/span><\/a><\/p>\n","protected":false},"author":2,"featured_media":1768,"parent":27,"menu_order":20,"comment_status":"closed","ping_status":"closed","template":"","meta":[],"yoast_head":"<!-- This site is optimized with the Yoast SEO plugin v20.10 - https:\/\/yoast.com\/wordpress\/plugins\/seo\/ -->\n<title>Hypno douleur - Beno\u00eet Boisvert Hypnoth\u00e9rapeute<\/title>\n<meta name=\"description\" content=\"Comment soulager vos douleurs? L&#039;hypno douleur peut vous aider.\" \/>\n<meta name=\"robots\" content=\"noindex, follow, max-snippet:-1, max-image-preview:large, max-video-preview:-1\" \/>\n<meta property=\"og:locale\" content=\"fr_FR\" \/>\n<meta property=\"og:type\" content=\"article\" \/>\n<meta property=\"og:title\" content=\"Hypno douleur - Beno\u00eet Boisvert Hypnoth\u00e9rapeute\" \/>\n<meta property=\"og:description\" content=\"Comment soulager vos douleurs? L&#039;hypno douleur peut vous aider.\" \/>\n<meta property=\"og:url\" content=\"https:\/\/www.consuljl.com\/developpement3\/services\/hypno-douleur\/\" \/>\n<meta property=\"og:site_name\" content=\"Beno\u00eet Boisvert Hypnoth\u00e9rapeute\" \/>\n<meta property=\"article:publisher\" content=\"http:\/\/facebook.com\/benoitboisverthypnotherapeute\" \/>\n<meta property=\"article:modified_time\" content=\"2022-10-19T18:43:44+00:00\" \/>\n<meta property=\"og:image\" content=\"https:\/\/www.consuljl.com\/developpement3\/wp-content\/uploads\/2015\/12\/images3YJ43EWU.jpg\" \/>\n\t<meta property=\"og:image:width\" content=\"225\" \/>\n\t<meta property=\"og:image:height\" content=\"225\" \/>\n\t<meta property=\"og:image:type\" content=\"image\/jpeg\" \/>\n<meta name=\"twitter:card\" content=\"summary_large_image\" \/>\n<meta name=\"twitter:label1\" content=\"Dur\u00e9e de lecture estim\u00e9e\" \/>\n\t<meta name=\"twitter:data1\" content=\"2 minutes\" \/>\n<script type=\"application\/ld+json\" class=\"yoast-schema-graph\">{\"@context\":\"https:\/\/schema.org\",\"@graph\":[{\"@type\":\"WebPage\",\"@id\":\"https:\/\/www.consuljl.com\/developpement3\/services\/hypno-douleur\/\",\"url\":\"https:\/\/www.consuljl.com\/developpement3\/services\/hypno-douleur\/\",\"name\":\"Hypno douleur - Beno\u00eet Boisvert Hypnoth\u00e9rapeute\",\"isPartOf\":{\"@id\":\"https:\/\/www.consuljl.com\/developpement3\/#website\"},\"datePublished\":\"2015-06-06T14:37:33+00:00\",\"dateModified\":\"2022-10-19T18:43:44+00:00\",\"description\":\"Comment soulager vos douleurs? L'hypno douleur peut vous aider.\",\"breadcrumb\":{\"@id\":\"https:\/\/www.consuljl.com\/developpement3\/services\/hypno-douleur\/#breadcrumb\"},\"inLanguage\":\"fr-FR\",\"potentialAction\":[{\"@type\":\"ReadAction\",\"target\":[\"https:\/\/www.consuljl.com\/developpement3\/services\/hypno-douleur\/\"]}]},{\"@type\":\"BreadcrumbList\",\"@id\":\"https:\/\/www.consuljl.com\/developpement3\/services\/hypno-douleur\/#breadcrumb\",\"itemListElement\":[{\"@type\":\"ListItem\",\"position\":1,\"name\":\"Accueil\",\"item\":\"https:\/\/www.consuljl.com\/developpement3\/\"},{\"@type\":\"ListItem\",\"position\":2,\"name\":\"Services\",\"item\":\"https:\/\/www.consuljl.com\/developpement3\/services\/\"},{\"@type\":\"ListItem\",\"position\":3,\"name\":\"Hypno douleur\"}]},{\"@type\":\"WebSite\",\"@id\":\"https:\/\/www.consuljl.com\/developpement3\/#website\",\"url\":\"https:\/\/www.consuljl.com\/developpement3\/\",\"name\":\"Beno\u00eet Boisvert Hypnoth\u00e9rapeute\",\"description\":\"R\u00e9v\u00e9lez la force de votre esprit par l&#039;hypnose\",\"potentialAction\":[{\"@type\":\"SearchAction\",\"target\":{\"@type\":\"EntryPoint\",\"urlTemplate\":\"https:\/\/www.consuljl.com\/developpement3\/?s={search_term_string}\"},\"query-input\":\"required name=search_term_string\"}],\"inLanguage\":\"fr-FR\"}]}<\/script>\n<!-- \/ Yoast SEO plugin. -->","yoast_head_json":{"title":"Hypno douleur - Beno\u00eet Boisvert Hypnoth\u00e9rapeute","description":"Comment soulager vos douleurs? L'hypno douleur peut vous aider.","robots":{"index":"noindex","follow":"follow","max-snippet":"max-snippet:-1","max-image-preview":"max-image-preview:large","max-video-preview":"max-video-preview:-1"},"og_locale":"fr_FR","og_type":"article","og_title":"Hypno douleur - Beno\u00eet Boisvert Hypnoth\u00e9rapeute","og_description":"Comment soulager vos douleurs? L'hypno douleur peut vous aider.","og_url":"https:\/\/www.consuljl.com\/developpement3\/services\/hypno-douleur\/","og_site_name":"Beno\u00eet Boisvert Hypnoth\u00e9rapeute","article_publisher":"http:\/\/facebook.com\/benoitboisverthypnotherapeute","article_modified_time":"2022-10-19T18:43:44+00:00","og_image":[{"width":225,"height":225,"url":"https:\/\/www.consuljl.com\/developpement3\/wp-content\/uploads\/2015\/12\/images3YJ43EWU.jpg","type":"image\/jpeg"}],"twitter_card":"summary_large_image","twitter_misc":{"Dur\u00e9e de lecture estim\u00e9e":"2 minutes"},"schema":{"@context":"https:\/\/schema.org","@graph":[{"@type":"WebPage","@id":"https:\/\/www.consuljl.com\/developpement3\/services\/hypno-douleur\/","url":"https:\/\/www.consuljl.com\/developpement3\/services\/hypno-douleur\/","name":"Hypno douleur - Beno\u00eet Boisvert Hypnoth\u00e9rapeute","isPartOf":{"@id":"https:\/\/www.consuljl.com\/developpement3\/#website"},"datePublished":"2015-06-06T14:37:33+00:00","dateModified":"2022-10-19T18:43:44+00:00","description":"Comment soulager vos douleurs? L'hypno douleur peut vous aider.","breadcrumb":{"@id":"https:\/\/www.consuljl.com\/developpement3\/services\/hypno-douleur\/#breadcrumb"},"inLanguage":"fr-FR","potentialAction":[{"@type":"ReadAction","target":["https:\/\/www.consuljl.com\/developpement3\/services\/hypno-douleur\/"]}]},{"@type":"BreadcrumbList","@id":"https:\/\/www.consuljl.com\/developpement3\/services\/hypno-douleur\/#breadcrumb","itemListElement":[{"@type":"ListItem","position":1,"name":"Accueil","item":"https:\/\/www.consuljl.com\/developpement3\/"},{"@type":"ListItem","position":2,"name":"Services","item":"https:\/\/www.consuljl.com\/developpement3\/services\/"},{"@type":"ListItem","position":3,"name":"Hypno douleur"}]},{"@type":"WebSite","@id":"https:\/\/www.consuljl.com\/developpement3\/#website","url":"https:\/\/www.consuljl.com\/developpement3\/","name":"Beno\u00eet Boisvert Hypnoth\u00e9rapeute","description":"R\u00e9v\u00e9lez la force de votre esprit par l&#039;hypnose","potentialAction":[{"@type":"SearchAction","target":{"@type":"EntryPoint","urlTemplate":"https:\/\/www.consuljl.com\/developpement3\/?s={search_term_string}"},"query-input":"required name=search_term_string"}],"inLanguage":"fr-FR"}]}},"_links":{"self":[{"href":"https:\/\/www.consuljl.com\/developpement3\/wp-json\/wp\/v2\/pages\/47"}],"collection":[{"href":"https:\/\/www.consuljl.com\/developpement3\/wp-json\/wp\/v2\/pages"}],"about":[{"href":"https:\/\/www.consuljl.com\/developpement3\/wp-json\/wp\/v2\/types\/page"}],"author":[{"embeddable":true,"href":"https:\/\/www.consuljl.com\/developpement3\/wp-json\/wp\/v2\/users\/2"}],"replies":[{"embeddable":true,"href":"https:\/\/www.consuljl.com\/developpement3\/wp-json\/wp\/v2\/comments?post=47"}],"version-history":[{"count":43,"href":"https:\/\/www.consuljl.com\/developpement3\/wp-json\/wp\/v2\/pages\/47\/revisions"}],"predecessor-version":[{"id":2307,"href":"https:\/\/www.consuljl.com\/developpement3\/wp-json\/wp\/v2\/pages\/47\/revisions\/2307"}],"up":[{"embeddable":true,"href":"https:\/\/www.consuljl.com\/developpement3\/wp-json\/wp\/v2\/pages\/27"}],"wp:featuredmedia":[{"embeddable":true,"href":"https:\/\/www.consuljl.com\/developpement3\/wp-json\/wp\/v2\/media\/1768"}],"wp:attachment":[{"href":"https:\/\/www.consuljl.com\/developpement3\/wp-json\/wp\/v2\/media?parent=47"}],"curies":[{"name":"wp","href":"https:\/\/api.w.org\/{rel}","templated":true}]}}